 3 - -6).
-18
Calculate -1 + -4 + (33 - 40).
-12
Calculate (-2 - 0) + (-549 - -566).
15
What is the value of (-2 - -7) + (-10 - (-1 + -9)) + -13?
-8
Evaluate 3 - 2 - (137 + -149).
13
What is the value of 2 + 7 + 0 + -10 + -2 + 8?
5
Evaluate 364 - 359 - ((3 - (0 + 3)) + 1).
4
(4 - 0) + (-17 - -29) + -8
8
What is 26 + (-15 - -2 - (7 + (-1 - 16)))?
23
Calculate (7 - (-6 - (-12 - 9))) + 6.
-2
(-2 + 4 - 3) + -35 + 49
13
What is the value of -5 + 29 - 16 - (7 - (-1 + 1))?
1
What is 81 - (134 + -46) - (-1 - -4 - 1)?
-9
What is -59 + 40 - (-5 - 18)?
4
(-4 - 0) + (9 - (-17 - (12 + -18)))
16
What is -5 + (15 - 15) + (2 + -2 - -24)?
19
(46 - (1 - -36)) + 0 + -13
-4
What is the value of (185 - 174) + (2 - -3) - 4?
12
-29 - -21 - -17 - 13
-4
-1 + -19 + -554 + 600
26
-17 - (-12 + 5) - -8 - 2 - 0
-4
What is the value of (-62 - 3) + 25 - -69?
29
What is 6 + (-11 - -3) + -7 + 9?
0
What is -39 - 0 - (462 + -484)?
-17
Calculate 109 + -96 - (-2 - (0 + -3) - -2).
10
What is the value of -1 - (3 + 11) - ((8 - 5) + -9)?
-9
Calculate -7 - (23 + -14 - 14).
-2
Calculate (-9 - (-4 - 19)) + -8 + 1 + -5.
2
Calculate -7 + (38 - 24 - (1 + 8)) + -15.
-17
5 + -6 - (18 - (7 + 3))
-9
Evaluate 11 + (-467 + 456 - (-1 + 0 + 12)).
-11
Evaluate -2 - (13 + (0 - (-6 + 8))).
-13
What is 5 - (8 + 1) - (-3 - -10 - 0)?
-11
What is the value of (-6 - 0 - 0) + 0 + 0 - -6?
0
Calculate 11 - (-32 + 24 + (5 - 3)).
17
What is -8 - -37 - 8 - 10 - (1 + 0)?
10
What is 10 + 8 + 0 - (-3 + 3 - -2)?
16
-6 - 2 - -5 - -1 - 9
-11
Calculate -4 - -13 - (0 + -4 - -9 - 0).
4
What is (-6 - (7 + 1 + -5)) + (-3 - -1)?
-11
Evaluate -74 + 52 - (-24 + 4).
-2
Calculate 15 + 2 + -18 + -2.
-3
What is the value of 4 + 1 + (-3 - (2 - 4)) - 2?
2
Evaluate 3 - (-9 - (4 + 1 + -8)) - -4.
13
Calculate 8 + -3 + -3 + 0 + -37 + 24.
-11
Evaluate 12 + (2 - 8) + (1 - 5) + 25.
27
Calculate (-2 - (2 + -12 + 9)) + 3 + 1.
3
4 + 8 + -7 + 7
12
Calculate -16 + 15 + (-3 + -3 + 1 - 0).
-6
Evaluate 8 + -10 + (6 - -1) - (1 + -18).
22
What is 1 + (7 - (-2 - (0 - 6 - 1)))?
3
What is the value of -185 + 186 + (1 - -2) + -1 - -8?
11
Evaluate (10 - -13 - 33) + 11 + (-7 - -5).
-1
Evaluate 3 + (13 - 4) + -7 + 2.
7
Evaluate (-1 + -15 - 9) + 18.
-7
Calculate 0 - -29 - 40 - -11.
0
What is 27 + (106 - 116) + (6 - 1)?
22
What is the value of 2 - ((4 + -1 - -3) + 16 + -3)?
-17
-9 + -2 - (24 - 6 - 20)
-9
What is the value of -12 + 12 + 9 - 7?
2
Evaluate (-56 - -67) + 0 + -30.
-19
What is the value of 6 + -7 + 2 - (23 - 22)?
0
Evaluate -4 - (-4 + 2 + (8 - -5)).
-15
Calculate 226 + -209 + (1 - (-5 + 3)).
20
What is -13 + -7 + 2 + -4 + (-2 - 5)?
-29
What is the value of 12 + 24 + -8 + -32 + 3?
-1
Evaluate 7 - ((-2 - -3) + -1) - (-2 - -3).
6
14 + -1 + -23 + -4 + 20
6
What is the value of (-3 - 4) + 12 + (2 - 8) + -9?
-10
(-22 - (6 - 27)) + 12
11
What is -2 - -2 - (-72 - -79)?
-7
What is -1 + -5 + (-4 - (48 + -61))?
3
What is the value of -16 + 1 - (63 - 65)?
-13
Evaluate (0 + (-15 - -3) - -17) + -1 + -17.
-13
(-19 - -15) + -22 - -22
-4
What is the value of 7 + 9 + 2 + 1 + -1 + -5?
13
Evaluate -10 - (-33 + (3 - -8)).
12
Calculate 2 - (0 + 25) - (-214 - -205).
-14
-22 - (-8 + -19) - 22
-17
What is the value of 5 + (10 - 6) + 1?
10
What is (19 - (-25 - -6)) + -29?
9
What is 9 - (9 - -1 - (1 - -6))?
6
Calculate (-18 + 18 - -10) + -2.
8
Evaluate -4 + -5 + 0 + 19 + -2.
8
What is 6 + -6 + -4 + -2 + 6 - 0?
0
(7 - (-1 - 0)) + (13 - 35)
-14
-31 + (-36 - -117) + -18
32
Calculate (-2 + -13 - (176 + -190)) + 1 + 15.
15
0 + -1 + (-12 - -1) + 16
4
1 + 10 + (7 + -13 - -14)
19
What is (-74 - -63) + 0 + (-2 - -7) - -9?
3
Evaluate (0 - -10) + (2 - -17 - 19) - 4.
6
What is 2 - 12 - ((5 - 21 - -11) + 1)?
-6
Evaluate 4 + 16 + -10 - 19.
-9
What is 132 + -143 + (1 - -8) - (-1 - -9)?
-10
Calculate (25 - (32 + -16)) + 4.
13
Evaluate 10 + -2 + (635 - 656).
-13
77 + -76 - (2 + -4)
3
What is 1050 + -1054 - (0 + -14)?
10
What is 14 + (-24 - (-20 + 10))?
0
-2 + -7 + 12 + -7 + -19 + 20
-3
What is -45 - ((-43 - -13) + 5)?
-20
What is the value of 23 - (-16 - (8 - 19))?
28
Calculate (4 - 1 - 5) + (19 + -31 - 16).
-30
0 - (2 - 0) - (11 - 26 - 0)
13
Evaluate (-34 + 13 - -35) + -38.
-24
-14 + (-21 - -15) + 23
3
What is (0 - 1 - (0 + 1)) + -1 + 8?
5
What is the value of 16 + (-5 - -12) + (0 - 11)?
12
What is (-1145 - -1132) + (0 - (-1 + -1))?
-11
Calculate (-22 - -14) + 10 - -12.
14
Evaluate -6 - -1 - (31 + -23).
-13
(-28 - -23) + (10 - 1)
4
What is -2 - (-11 - 3) - (-17 + -11 + 36)?
4
Evaluate (-13 - -3 - 6) + (7 - -3).
-6
What is the value of (24 + -90 - -27) + 18?
-21
What is 10 + 9 + -7 + 1 - 6?
7
Evaluate -25 + 49 - (7 - (-2 - 4)).
11
-7 - ((51 - 26 - 56) + (0 - -7))
17
-2 - 1 - (9 - (1 + -6) - 21)
4
Evaluate -10 - -15 - (-21 - -31).
-5
Calculate (-26 - -13) + 10 - (-1 + 3) - -20.
15
-11 + 23 + (-12 - -8)
8
What is (-93 - -57) + 45 + (-1 - -1)?
9
Evaluate -1495 + 1492 - (0 - 0 - 1).
-2
What is (-5 - 1) + (4 - (-3 - 2)) - -2?
5
Evaluate 12 + -2 + 1 + -11 + (-14 - -27).
13
Evaluate 15 + (-19 - (12 + -26)).
10
What is -7 - (-1 + 12 - ((3 - 4) + 9))?
-10
What is (34 - 8 - 10) + -6 - (-4 - -5)?
9
(-107 - -107) + (-1 - -2)
1
Calculate -6 + 16 - (6 - (0 - -6)).
10
Evaluate 13 + (-39 - -10) - (3 + -1).
-18
What is -51 + 28 + 11 + 7?
-5
-28 - (-30 + -12 + 31)
-17
31 - 3 - (-8 - -28 - 23)
31
Calculate 6 - (15 - (24 + -11 - 13)).
-9
What is 18 + (0 - (23 + -9))?
4
Evaluate -6 + -1 + 11 + -1 + -22 + 15.
-4
Evaluate -10 + 37 + (20 - 49).
-2
(59 - 37 - 14) + -18 + -1
-11
Calculate 1 - (-1 - 1 - 2) - (-5 + 11).
-1
-4 + (-4 - -3 - -3) - 1
-3
Evaluate -2 + 1 + 5 + -42 + 46 + -29.
-21
Evaluate (7 - (15 - 11 - 0)) + -1.
2
What is the value of -11 - (4 - (26 + (5 - -7)))?
23
What is 11 + (-4 - (11 + (4 - 21) + 11))?
2
Calculate (37 - (11 - -15)) + 3.
14
What is 4 + -2 + (0 - -1) + 6?
9
(1 + -1 - -2) + (2 + 9 - 29)
-16
Calculate 87 + -89 + -4 + (-3 - -15).
6
-23 + (-1 - (15 + -9)) - (3 + -5)
-28
What is -9 + 41 + -8 + -9?
15
What is the value of 0 + 8 - (2 - 5 - -7)?
4
Calculate (-10 - -6 - 4 - -5 - 9) + -5.
-17
Calculate 1 + -9 + 1 + 10 + 8.
11
Evaluate -24 - (-1 - 17) - (5 + -38).
27
Evaluate 7 - (-14 + 14) - (6 - 0) - 12.
-11
Evaluate -2 + 0 + -4 + 174 + -158.
10
(4 - 5) + 4 - (154 - 133)
-18
Evaluate (1 - (7 + (0 - 6))) + 0 + 2.
2
What is the value of -6 + -1 + 65 + -45 + -16?
-3
Evaluate -17 + (33 - 18 - (5 - -5 - 5)).
-7
Evaluate -11 - (-6 - 1 - (50 - 55)).
-9
What is the value of -26 - (-15 - 18) - -15?
22
Evaluate (-48 + 37 - (0 - 2)) + 4.
-5
What is the value of -41 + 67 - 22 - (-1 + 1 - 2)?
6
Evaluate 2 - 36 - (443 - 461).
-16
-12 + 14 + -21 + 4 + 4
-11
Calculate -3 + -67 + 65 + (1 - 1).
-5
Calculate -13 + 3 + -1 + (480 - 442).
27
27 - (7 - 1 - (-7 + 6))
20
What is (-17 - 1) + (27 - (98 + -86))?
-3
Calculate 138 + -128 + (15 - 0 - -1) - 4.
22
-1 - -7 - (-5 + 25 + -10)
-4
What is the value of 0 - 2 - ((24 - 53) + 32)?
-5
What is -6 + -1 + (14 - (5 - -3)) + -3?
-4
What is the value of 0 - (5 + 24 + -15)?
-14
What is the value of 1 + (9 - (-2 - -7)) + -11?
-6
1 + 3 - 6 - (19 + -30)
9
What is -18 + 0 + (122 - 142)?
-38
What is -7 - ((6 - 13) + 9 + 6)?
-15
Calculate -1 - (30 - 1 - (-1 + 1)).
-30
What is the value of (-1 - -10) + (-1 - 7) - (-5 + -6)?
12
Calculate -9 + 0 - (-15 + (0 - 6)).
12
What is the value of -7 + (6 - ((-9 - 1 - -7) + 2))?
0
-6 + -12 + 5 - -21
8
-19 + (-32 - -45) + -6 + 1
-11
(-10 - (-22 - -17)) + -1 + -7
-13
Evaluate (8 + -3 - -4) + (34 - 36).
7
Calculate 11 + -9 - -5 - (-10 + 0).
17
What is -55 + 42 - (-25 + -3 + 0)?
15
20 + (-24 + -1 - 0)
-5
What is -20 - (12 + -8) - -16?
-8
Evaluate 2 + (2 - 4 - 0) + -7 - -29.
22
What is ((8 - 3) + -3 - 1) + -9 - -5?
-3
Calculate -22 - (-5 + -8) - -28.
19
What is (-329 - -332) + (-3 - (-3 + 1))?
2
(1 - 4) + (-3 - (-5 + 1))
-2
What is the value of 3 + 2 + -130 + 138?
13
Evaluate 29 + -11 + -4 + -2.
12
What is the value of 5 + 4 + 11 + -7 + -12 + 5?
6
What is the value of -4 + -7 - (1 + -23 - -19)?
-8
What is 4 + (10 - (56 - 10)) + 13?
-19
6 + -22 - -18 - 19
-17
Evaluate -5 - -11 - (41 + (-27 - -12)).
-20
-10 - -5 - -11 - 12
-6
Calculate -22 - -1 - (-417 - -414).
-18
What is the value of -11 - (22 + -8 - 18)?
-7
Evaluate -14 - 1 - (-4 + 1 + -1).
-11
What is 2 - (13 - (2 - 0))?
-9
What is the value of (-1 - 5 - (24 - 23)) + (-15 - -9)?
-13
Evaluate